[INFO] fetching crate gotham_restful 0.1.0-rc0...
[INFO] checking gotham_restful-0.1.0-rc0 against master#af3c6e733a40e671550e0f0f5aeecaa13772ba56 for pr-74989
[INFO] extracting crate gotham_restful 0.1.0-rc0 into /workspace/builds/worker-11/source
[INFO] validating manifest of crates.io crate gotham_restful 0.1.0-rc0 on toolchain af3c6e733a40e671550e0f0f5aeecaa13772ba56
[INFO] running `Command { std: "/workspace/cargo-home/bin/cargo" "+af3c6e733a40e671550e0f0f5aeecaa13772ba56" "read-manifest" "--manifest-path" "Cargo.toml", kill_on_drop: false }`
[INFO] started tweaking crates.io crate gotham_restful 0.1.0-rc0
[INFO] finished tweaking crates.io crate gotham_restful 0.1.0-rc0
[INFO] tweaked toml for crates.io crate gotham_restful 0.1.0-rc0 written to /workspace/builds/worker-11/source/Cargo.toml
[INFO] running `Command { std: "/workspace/cargo-home/bin/cargo" "+af3c6e733a40e671550e0f0f5aeecaa13772ba56" "generate-lockfile" "--manifest-path" "Cargo.toml" "-Zno-index-update", kill_on_drop: false }`
[INFO] running `Command { std: "/workspace/cargo-home/bin/cargo" "+af3c6e733a40e671550e0f0f5aeecaa13772ba56" "fetch" "--locked" "--manifest-path" "Cargo.toml", kill_on_drop: false }`
[INFO] [stderr]     Blocking waiting for file lock on package cache
[INFO] running `Command { std: "docker" "create" "-v" "/var/lib/crater-agent-workspace/builds/worker-11/target:/opt/rustwide/target:rw,Z" "-v" "/var/lib/crater-agent-workspace/builds/worker-11/source:/opt/rustwide/workdir:ro,Z" "-v" "/var/lib/crater-agent-workspace/cargo-home:/opt/rustwide/cargo-home:ro,Z" "-v" "/var/lib/crater-agent-workspace/rustup-home:/opt/rustwide/rustup-home:ro,Z" "-e" "SOURCE_DIR=/opt/rustwide/workdir" "-e" "CARGO_TARGET_DIR=/opt/rustwide/target" "-e" "CARGO_HOME=/opt/rustwide/cargo-home" "-e" "RUSTUP_HOME=/opt/rustwide/rustup-home" "-w" "/opt/rustwide/workdir" "-m" "1610612736" "--user" "0:0" "--network" "none" "rustops/crates-build-env@sha256:d92eaeed33fa75130ca1ee6c8a01d1ffb62bac859dfdfb3450e3e5d1c0146529" "/opt/rustwide/cargo-home/bin/cargo" "+af3c6e733a40e671550e0f0f5aeecaa13772ba56" "metadata" "--no-deps" "--format-version=1", kill_on_drop: false }`
[INFO] [stdout] 4d2299c6c8c706f1eb1f9678408efac54d421c639c719b609ae3e30303246adf
[INFO] [stderr] WARNING: Your kernel does not support swap limit capabilities or the cgroup is not mounted. Memory limited without swap.
[INFO] running `Command { std: "docker" "start" "-a" "4d2299c6c8c706f1eb1f9678408efac54d421c639c719b609ae3e30303246adf", kill_on_drop: false }`
[INFO] running `Command { std: "docker" "inspect" "4d2299c6c8c706f1eb1f9678408efac54d421c639c719b609ae3e30303246adf", kill_on_drop: false }`
[INFO] running `Command { std: "docker" "rm" "-f" "4d2299c6c8c706f1eb1f9678408efac54d421c639c719b609ae3e30303246adf", kill_on_drop: false }`
[INFO] [stdout] 4d2299c6c8c706f1eb1f9678408efac54d421c639c719b609ae3e30303246adf
[INFO] running `Command { std: "docker" "create" "-v" "/var/lib/crater-agent-workspace/builds/worker-11/target:/opt/rustwide/target:rw,Z" "-v" "/var/lib/crater-agent-workspace/builds/worker-11/source:/opt/rustwide/workdir:ro,Z" "-v" "/var/lib/crater-agent-workspace/cargo-home:/opt/rustwide/cargo-home:ro,Z" "-v" "/var/lib/crater-agent-workspace/rustup-home:/opt/rustwide/rustup-home:ro,Z" "-e" "SOURCE_DIR=/opt/rustwide/workdir" "-e" "CARGO_TARGET_DIR=/opt/rustwide/target" "-e" "CARGO_INCREMENTAL=0" "-e" "RUST_BACKTRACE=full" "-e" "RUSTFLAGS=--cap-lints=forbid" "-e" "CARGO_HOME=/opt/rustwide/cargo-home" "-e" "RUSTUP_HOME=/opt/rustwide/rustup-home" "-w" "/opt/rustwide/workdir" "-m" "1610612736" "--user" "0:0" "--network" "none" "rustops/crates-build-env@sha256:d92eaeed33fa75130ca1ee6c8a01d1ffb62bac859dfdfb3450e3e5d1c0146529" "/opt/rustwide/cargo-home/bin/cargo" "+af3c6e733a40e671550e0f0f5aeecaa13772ba56" "check" "--frozen" "--all" "--all-targets" "--message-format=json", kill_on_drop: false }`
[INFO] [stderr] WARNING: Your kernel does not support swap limit capabilities or the cgroup is not mounted. Memory limited without swap.
[INFO] [stdout] 4879a5813f21a426c4a00e6078a75491f67b42a859d40df936fba3f0c042d195
[INFO] running `Command { std: "docker" "start" "-a" "4879a5813f21a426c4a00e6078a75491f67b42a859d40df936fba3f0c042d195", kill_on_drop: false }`
[INFO] [stderr]     Blocking waiting for file lock on package cache
[INFO] [stderr]    Compiling syn v1.0.40
[INFO] [stderr]    Compiling proc-macro-hack v0.5.18
[INFO] [stderr]     Checking rand_core v0.4.2
[INFO] [stderr]     Checking lazy_static v1.4.0
[INFO] [stderr]    Compiling bitflags v1.2.1
[INFO] [stderr]    Compiling adler v0.2.3
[INFO] [stderr]    Compiling gimli v0.22.0
[INFO] [stderr]    Compiling pin-project-internal v0.4.23
[INFO] [stderr]     Checking futures-sink v0.3.5
[INFO] [stderr]    Compiling object v0.20.0
[INFO] [stderr]    Compiling rustc-demangle v0.1.16
[INFO] [stderr]     Checking bytes v0.5.6
[INFO] [stderr]    Compiling pulldown-cmark v0.2.0
[INFO] [stderr]    Compiling getrandom v0.1.15
[INFO] [stderr]    Compiling same-file v1.0.6
[INFO] [stderr]    Compiling remove_dir_all v0.5.3
[INFO] [stderr]    Compiling bytecount v0.4.0
[INFO] [stderr]     Checking pin-project-lite v0.1.7
[INFO] [stderr]    Compiling const_fn v0.4.2
[INFO] [stderr]     Checking ppv-lite86 v0.2.9
[INFO] [stderr]    Compiling pq-sys v0.4.6
[INFO] [stderr]     Checking httpdate v0.3.2
[INFO] [stderr]     Checking linked-hash-map v0.5.3
[INFO] [stderr]     Checking base64 v0.12.3
[INFO] [stderr]     Checking termcolor v1.1.0
[INFO] [stderr]    Compiling error-chain v0.12.4
[INFO] [stderr]    Compiling standback v0.2.10
[INFO] [stderr]    Compiling unicase v2.6.0
[INFO] [stderr]    Compiling indexmap v1.6.0
[INFO] [stderr]    Compiling num-traits v0.2.12
[INFO] [stderr]    Compiling num-integer v0.1.43
[INFO] [stderr]    Compiling time v0.2.19
[INFO] [stderr]    Compiling cookie v0.14.2
[INFO] [stderr]     Checking tracing-core v0.1.16
[INFO] [stderr]     Checking thread_local v1.0.1
[INFO] [stderr]     Checking futures-channel v0.3.5
[INFO] [stderr]    Compiling miniz_oxide v0.4.1
[INFO] [stderr]    Compiling walkdir v2.3.1
[INFO] [stderr]     Checking rand_core v0.3.1
[INFO] [stderr]     Checking rand_jitter v0.1.4
[INFO] [stderr]     Checking log v0.4.11
[INFO] [stderr]    Compiling ryu v1.0.5
[INFO] [stderr]     Checking http v0.2.1
[INFO] [stderr]    Compiling libc v0.2.77
[INFO] [stderr]     Checking rand_hc v0.1.0
[INFO] [stderr]     Checking rand_xorshift v0.1.1
[INFO] [stderr]     Checking rand_isaac v0.1.1
[INFO] [stderr]     Checking rand_pcg v0.1.2
[INFO] [stderr]     Checking rand_chacha v0.1.1
[INFO] [stderr]     Checking net2 v0.2.35
[INFO] [stderr]     Checking iovec v0.1.4
[INFO] [stderr]     Checking signal-hook-registry v1.2.1
[INFO] [stderr]     Checking time v0.1.44
[INFO] [stderr]     Checking socket2 v0.3.15
[INFO] [stderr]     Checking rand_os v0.1.3
[INFO] [stderr]     Checking regex v1.3.9
[INFO] [stderr]     Checking want v0.3.0
[INFO] [stderr]     Checking mio v0.7.0
[INFO] [stderr]     Checking tracing v0.1.19
[INFO] [stderr]     Checking rand_core v0.5.1
[INFO] [stderr]     Checking rand v0.6.5
[INFO] [stderr]     Checking mio v0.6.22
[INFO] [stderr]    Compiling paste-impl v0.1.18
[INFO] [stderr]    Compiling rand v0.4.6
[INFO] [stderr]    Compiling mime_guess v2.0.3
[INFO] [stderr]     Checking rand_chacha v0.2.2
[INFO] [stderr]     Checking rand v0.7.3
[INFO] [stderr]     Checking mio-uds v0.6.8
[INFO] [stderr]     Checking paste v0.1.18
[INFO] [stderr]    Compiling tempdir v0.3.7
[INFO] [stderr]     Checking chrono v0.4.15
[INFO] [stderr]     Checking uuid v0.8.1
[INFO] [stderr]     Checking http-body v0.3.1
[INFO] [stderr]    Compiling addr2line v0.13.0
[INFO] [stderr]    Compiling backtrace v0.3.50
[INFO] [stderr]    Compiling serde_derive v1.0.116
[INFO] [stderr]    Compiling futures-macro v0.3.5
[INFO] [stderr]    Compiling tokio-macros v0.2.5
[INFO] [stderr]    Compiling time-macros-impl v0.1.1
[INFO] [stderr]    Compiling diesel_derives v1.4.1
[INFO] [stderr]    Compiling gotham_derive v0.5.0
[INFO] [stderr]    Compiling thiserror-impl v1.0.20
[INFO] [stderr]    Compiling gotham_restful_derive v0.1.0-rc0
[INFO] [stderr]     Checking tokio v0.2.22
[INFO] [stderr]     Checking time-macros v0.1.0
[INFO] [stderr]     Checking thiserror v1.0.20
[INFO] [stderr]     Checking pin-project v0.4.23
[INFO] [stderr]     Checking futures-util v0.3.5
[INFO] [stderr]    Compiling serde v1.0.116
[INFO] [stderr]     Checking tokio-util v0.3.1
[INFO] [stderr]     Checking diesel v1.4.5
[INFO] [stderr]     Checking futures-executor v0.3.5
[INFO] [stderr]     Checking h2 v0.2.6
[INFO] [stderr]     Checking futures v0.3.5
[INFO] [stderr]     Checking serde_json v1.0.57
[INFO] [stderr]     Checking bincode v1.3.1
[INFO] [stderr]     Checking toml v0.5.6
[INFO] [stderr]     Checking hyper v0.13.7
[INFO] [stderr]    Compiling semver v0.9.0
[INFO] [stderr]     Checking trybuild v1.0.34
[INFO] [stderr]    Compiling cargo_metadata v0.6.4
[INFO] [stderr]    Compiling skeptic v0.13.4
[INFO] [stderr]    Compiling borrow-bag v1.0.0
[INFO] [stderr]     Checking gotham v0.5.0
[INFO] [stderr]     Checking gotham_restful v0.1.0-rc0 (/opt/rustwide/workdir)
[INFO] [stdout] warning: lint `intra_doc_link_resolution_failure` has been renamed to `broken_intra_doc_links`
[INFO] [stdout]  --> src/lib.rs:3:9
[INFO] [stdout]   |
[INFO] [stdout] 3 | #![deny(intra_doc_link_resolution_failure)]
[INFO] [stdout]   |         ^^^^^^^^^^^^^^^^^^^^^^^^^^^^^^^^^ help: use the new name: `broken_intra_doc_links`
[INFO] [stdout]   |
[INFO] [stdout]   = note: `#[warn(renamed_and_removed_lints)]` on by default
[INFO] [stdout] 
[INFO] [stdout] 
[INFO] [stdout] error[E0432]: unresolved import `gotham::handler::IntoHandlerError`
[INFO] [stdout]   --> src/routing.rs:18:41
[INFO] [stdout]    |
[INFO] [stdout] 18 |     handler::{HandlerError, HandlerFuture, IntoHandlerError},
[INFO] [stdout]    |                                            ^^^^^^^^^^^^^^^^
[INFO] [stdout]    |                                            |
[INFO] [stdout]    |                                            no `IntoHandlerError` in `handler`
[INFO] [stdout]    |                                            help: a similar name exists in the module: `HandlerError`
[INFO] [stdout] 
[INFO] [stdout] 
[INFO] [stdout] error[E0599]: no method named `into_handler_error` found for associated type `<R as ResourceResult>::Err` in the current scope
[INFO] [stdout]    --> src/routing.rs:129:27
[INFO] [stdout]     |
[INFO] [stdout] 129 |         Err(e) => Err((state, e.into_handler_error()))
[INFO] [stdout]     |                                 ^^^^^^^^^^^^^^^^^^ method not found in `<R as ResourceResult>::Err`
[INFO] [stdout] 
[INFO] [stdout] 
[INFO] [stdout] error[E0599]: no method named `into_handler_error` found for struct `gotham::hyper::Error` in the current scope
[INFO] [stdout]    --> src/routing.rs:143:34
[INFO] [stdout]     |
[INFO] [stdout] 143 |         Err(e) => return (state, Err(e.into_handler_error()))
[INFO] [stdout]     |                                        ^^^^^^^^^^^^^^^^^^ method not found in `gotham::hyper::Error`
[INFO] [stdout] 
[INFO] [stdout] 
[INFO] [stdout] error[E0599]: no method named `into_handler_error` found for struct `serde_json::Error` in the current scope
[INFO] [stdout]    --> src/routing.rs:164:22
[INFO] [stdout]     |
[INFO] [stdout] 164 |                     Err(e) => Err(e.into_handler_error())
[INFO] [stdout]     |                                     ^^^^^^^^^^^^^^^^^^ method not found in `serde_json::Error`
[INFO] [stdout] 
[INFO] [stdout] 
[INFO] [stdout] error[E0599]: no method named `into_handler_error` found for associated type `<R as ResourceResult>::Err` in the current scope
[INFO] [stdout]    --> src/routing.rs:180:19
[INFO] [stdout]     |
[INFO] [stdout] 180 |         Err(e) => Err(e.into_handler_error())
[INFO] [stdout]     |                         ^^^^^^^^^^^^^^^^^^ method not found in `<R as ResourceResult>::Err`
[INFO] [stdout] 
[INFO] [stdout] 
[INFO] [stdout] error: aborting due to 5 previous errors; 1 warning emitted
[INFO] [stdout] 
[INFO] [stdout] 
[INFO] [stdout] Some errors have detailed explanations: E0432, E0599.
[INFO] [stdout] 
[INFO] [stdout] For more information about an error, try `rustc --explain E0432`.
[INFO] [stdout] 
[INFO] [stderr] error: could not compile `gotham_restful`.
[INFO] [stderr] 
[INFO] [stderr] To learn more, run the command again with --verbose.
[INFO] [stderr] warning: build failed, waiting for other jobs to finish...
[INFO] [stderr] error: build failed
[INFO] running `Command { std: "docker" "inspect" "4879a5813f21a426c4a00e6078a75491f67b42a859d40df936fba3f0c042d195", kill_on_drop: false }`
[INFO] running `Command { std: "docker" "rm" "-f" "4879a5813f21a426c4a00e6078a75491f67b42a859d40df936fba3f0c042d195", kill_on_drop: false }`
[INFO] [stdout] 4879a5813f21a426c4a00e6078a75491f67b42a859d40df936fba3f0c042d195
